. Let d(q) = -7*c(q) - 6*f(q). What is d(i)?
-1
Let k(a) = -a + 4. Suppose -5*b + 19*b - 2688 = 0. Let v = b + -189. Determine k(v).
1
Suppose 126*r - 134*r = -24. Let n(k) = -k**2 - 6*k. Let p(q) = 2*q**2 + 13*q + 1. Let i(j) = -5*n(j) - 2*p(j). Calculate i(r).
19
Let t = -6 + 8. Suppose -g - 4*x = -t*x - 11, 3*x = 4*g + 11. Let y(u) = 7*u - u**2 + g - 9*u - 12*u**2. Calculate y(1).
-14
Let q(a) = -1 + a - 1 + 1. Let w(k) = -k**3 + 2*k**2 + 21*k. Let z be w(-4). Suppose 3*f + 2*p + 14 = 0, 3*p + p = -2*f - z. Calculate q(f).
-5
Suppose 0 = 17*u - 14*u + 3*i, 0 = -4*u + 2*i + 12. Let g(s) = -2*s**3 + 5*s**2 - 4*s + 2. What is g(u)?
-2
Suppose 1152*d + m = 1148*d + 20, 11 = 5*d + 3*m. Let g(p) = 2*p**2 - 12*p - 14. Determine g(d).
0
Let n = -186 - -188. Suppose 0 = 2*u + 4, n*a + 2*u = 3*a - 5. Let b(p) = -5*p - 2. Give b(a).
-7
Suppose 3*s - 426 + 159 = -3*q, 3*s + 485 = 5*q. Let x = -101 + q. Let p(w) = 2*w + 10. What is p(x)?
-4
Let i(h) be the second derivative of h**3/6 - 11*h**2/2 - 4*h. Let z be (-609)/(-28)*(-8)/(-6). Suppose 9*u - 25 = z. Determine i(u).
-5
Let u(l) be the third derivative of -l**6/120 + l**5/20 + 5*l**4/24 - l**3/6 + 2*l**2 + 2*l - 1336. Give u(5).
-26
Let v(j) be the first derivative of 3*j**2/2 + 20*j - 1750. Calculate v(-8).
-4
Let r(a) be the third derivative of -5*a**4/12 + 52*a**3/3 + 441*a**2 + 2*a. Calculate r(11).
-6
Let l(q) be the first derivative of 33*q**4/4 - q**3/3 + 3. Let z = -42437 + 42438. Give l(z).
32
Let i = -350 + 355. Let c(z) = -7*z + 35. What is c(i)?
0
Suppose -10*t + 64 = -6. Suppose -60 = t*r - 46. Let b(x) be the first derivative of -6*x**2 - 2*x - 4. Give b(r).
22
Let v(c) = 9*c - 2. Suppose -16*k - 17 = -81. Suppose -40*a + 37*a = -k*i - 3, -3*i + 3 = -4*a. Determine v(i).
-29
Let a(l) = -82 - 89 + 0*l - l**2 + 4*l + 168 - 13*l. Let r = -2 - 6. Give a(r).
5
Suppose -14*k + 36 = -10*k + 2*p, k - 3*p - 9 = 0. Let t(c) = -228*c - c**2 - k + 233*c + 15. Give t(5).
6
Let m(j) = -9*j**2 + 3*j - 27. Let f(t) = 10*t**2 - 5*t + 32. Let v(z) = 4*f(z) + 5*m(z). Calculate v(-4).
-67
Let z(n) be the second derivative of -n**4/6 - 13*n**3/3 - 23*n**2/2 + 3304*n. What is z(-11)?
21
Let d be 2/(-2)*(23 - 24). Let b(t) = 9 - 3*t - 8 - 2*t**2 - t + d + t**2. Give b(-6).
-10
Let o = 9 - 5. Let d(v) = 7 + 23 - 4*v + 2*v**2 - v**2 - 60 + 23 + 4. Determine d(o).
-3
Let a(g) = -2*g**2 + g + 2. Let l(u) = -3*u**2 + 4. Let i be 2/(-4)*(7 + 3). Let p(w) = i*l(w) + 7*a(w). Let s be (1 + (-1)/2)*-14. Give p(s).
-6
Let y(z) = -5*z + 72. Let j be y(14). Let l(f) = f**3 - f. Let t(o) = -o**3 - 6*o**2 + 3*o + 8. Let b(h) = j*l(h) + t(h). Let i = 13 + -7. Calculate b(i).
14
Let c be 14/(-21)*(2 - 14). Let g(n) = 3*n + n**2 - n - n**3 + c + 0*n - n. Let p be 0/(-2 - (3 - 7)). What is g(p)?
8
Let m be -9 - -6 - (-10)/(2 + 0). Let l(b) = -2*b + 20 + 5*b + b - 2*b - 18. Calculate l(m).
6
Let y(q) be the second derivative of -17*q**3/6 + 93*q**2/2 + 52*q + 7. Calculate y(5).
8
Let y(d) = 2*d + 7. Let i(j) = -3*j - 8. Suppose -3*q - 1 - 1 = x, -5*x - 2*q - 23 = 0. Let n(h) = x*y(h) - 4*i(h). Calculate n(6).
9
Let n(s) = 3*s**2 - 5*s - 46. Let i be n(5). Suppose -3*v = -6, 3*v = -0*u - 5*u + 21. Let a(w) = -1 + 2 - 23*w**2 + 19*w**2 - w**3 - i*w + u*w. Give a(-3).
-5
Suppose -110 = -2*u - 3*r, -5*r + 283 = 5*u + 18. Let a be (-10)/(-35) - 63/u. Let l(x) = -2*x**2 + x + 1. What is l(a)?
-2
Let z(u) = -11 + 2 + 8*u - 7*u + u + 5*u**2. Let q(i) = -i**2 - i + 2. Let v(h) = 4*q(h) + z(h). Give v(3).
2
Let s(u) = u - 2*u**3 + 9*u**2 + 3*u + 1768608 - 1768603. Calculate s(5).
0
Let t = 17/137 + 69/548. Let q(p) be the first derivative of -7 - 1/2*p**2 + 5/3*p**3 - 3*p + t*p**4. What is q(-5)?
2
Suppose 44*v - 52*v = -128. Let f be 2/(v/(-13 - -5)). Let n(x) = 2*x - 2. Give n(f).
-4
Let z(c) = 2*c**2 - 14*c + 31. Suppose -4081 = -29*r - 565*r + 11*r. Calculate z(r).
31
Let n be 8 + -3 + (0 - 0/(-7)). Let m(k) = k**2 - 12*k + 5. Determine m(n).
-30
Let a(t) be the third derivative of -t**6/120 - 3*t**5/5 + 59*t**4/12 + 5*t**3 + t**2 + 200*t. Determine a(-39).
-9
Let j = 110 - 25. Let q(y) = -y**2 + j - 15*y**2 - 85. Calculate q(1).
-16
Suppose -6*a - 15 = -27. Suppose a*v = -692 + 702. Let p(d) = -2*d**2 + 7*d - 5. Give p(v).
-20
Suppose -2*k - 236 = -4*k. Let n = 67 - k. Let b be (3*-2)/(n/68). Let i(y) = -y**2 + 7*y + 3. Calculate i(b).
-5
Let n(i) be the first derivative of i**2/2 + i + 7001. Let l(y) = y - 4. Let v be l(2). What is n(v)?
-1
Let t(w) = -w - 10. Let u(h) = h**2 - h - 27. Let n be u(9). Let y be (1/3)/(-2 - (-85)/n). Let x be y + (-5)/10 + 3/(-2). What is t(x)?
-5
Let j(n) = -68*n - 7. Let q(c) = -54*c - 9. Let g(s) = -4*j(s) + 5*q(s). Determine g(6).
-5
Let f(u) = u + 11. Let j be f(-7). Let a(s) be the first derivative of -1/2*s**2 - j + 7*s. Calculate a(6).
1
Let n(f) = -2*f**3 + f**2 + 3*f + 2. Let s be n(0). Let r(t) = s*t - 22 + 14 + 1 - t. Determine r(-8).
-15
Let d(r) = -10*r**2 + 13*r + 36. Let m(h) = -3*h**2 + 4*h + 11. Let v(g) = 2*d(g) - 7*m(g). Give v(4).
3
Let m(w) = 20 + w - 11 - 16 - 5. Suppose 3*p - b - 28 = 0, 5*p + 87*b = 88*b + 44. Calculate m(p).
-4
Let z be (-5)/30 + (2/12 - -3). Suppose 3*a - 11 = -2*n, -z*n - 2*a - 2*a = -16. Let g(d) = -d**2 + 2*d - 3. Determine g(n).
-11
Let y(z) = -5*z**3 - 4*z**2 + 8*z - 5. Let g be y(1). Let j be (-15)/g + -2 + (-24)/(-16). Let c(b) = 2*b**2 - 2*b. Calculate c(j).
4
Let v(c) = 0 - 24*c**3 - 6234*c**2 + 3116*c**2 + 3120*c**2 + 1 - 3*c. Calculate v(1).
-24
Let f(k) = k**2 - k. Let a(y) = 2*y**2 - 8*y + 3. Let u = -124 + 127. Let n be a(u). Determine f(n).
12
Let s(k) = k + 8. Let d = 4226 + -4237. Determine s(d).
-3
Let f(y) be the third derivative of 2/3*y**3 - 1/120*y**6 + 0*y + 0 + 1/15*y**5 - 13*y**2 + 5/24*y**4. Let b = 4 + 1. Calculate f(b).
4
Let x(n) = -n**2 + 17*n + 24. Let m be 1/2 + 10 + (-2515)/(-10). Let c = m + -244. Give x(c).
6
Let h(t) = t**3 + 3. Let r(d) = 2 - 4*d + 138*d**2 - 139*d**2 + 58. Let q be r(-10). Determine h(q).
3
Let v(k) = 9*k**3 + 58*k**2 + 14*k + 6. Let m(z) = -10*z**3 - 64*z**2 - 13*z - 6. Let o(x) = 10*m(x) + 11*v(x). Give o(-6).
6
Let o(d) = 2*d + 3. Let t be (1 + 14/(-4))*152/(-20). Let p be 1 + t - (-19 + 18). Let a = p + -26. What is o(a)?
-7
Let c(y) = y + 19. Let x be c(-13). Let p(t) = -4*t**3 - 30*t**2 - 2*t - 3. Let d(k) = 5*k**3 + 42*k**2 + 3*k + 3. Let v(u) = 3*d(u) + 4*p(u). Calculate v(x).
3
Let h = 10470 - 10476. Let d(c) = -c. Let w(t) = 3*t - 3. Let m(f) = 4*d(f) + w(f). Give m(h).
3
Let v(i) = 30319 + 30374 - 60657 - 24*i**2 + 2*i**3 + 36*i. Give v(10).
-4
Let a be 3 - (2/10 - 344/20). Suppose -4*w - 8 = -3*q, w - 16 = -4*q + 20. Suppose 18*y = q*y + a. Let c(j) = -j**2 + j + 1. What is c(y)?
-1
Let c(g) = -14*g + 45. Let n(d) = 15*d - 52. Let h(q) = 7*c(q) + 6*n(q). What is h(2)?
-13
Suppose 527 = -9*l + 554. Let u(a) = -4 - 8*a**2 + 9*a**2 - 34*a + 34*a. Give u(l).
5
Let z(j) = -7*j**2 + 1 + 8*j + j**2 + j**3 + 6 - 2*j**3. Let u(k) = k**3 - 2*k**2 + 4. Let s be u(0). Suppose s*g - 10 + 38 = 0. What is z(g)?
0
Let h be (20 - -8)*1/2. Suppose -h*f + 10*f + 44 = 0. Suppose -2*m = f + 7. Let d(j) = j**3 + 9*j**2 - j - 13. Give d(m).
-4
Suppose 6*b = 7*b - 70. Let o(v) = 7*v + b - 36 - 35. Let w = -4 - -5. Determine o(w).
6
Let n(i) = i - 5. Let u(t) = 3*t**2 + 2*t - 2. Let z be u(2). Suppose -277*l = -513*l + 1180. Let y = l - z. Calculate n(y).
-14
Let i(w) be the first derivative of -2*w**2 + 81*w + 3217. What is i(24)?
-15
Let t(s) = s + 2. Let y(b) = -b**3 + b**2 - b - 9. Let u = 8 - 8. Let v be y(u). Calculate t(v).
-7
Let a(u) be the first derivative of 5*u**4/2 - u**3/3 + u**2 - 2*u + 4912. Give a(2).
78
Let x(b) = b**3 - 13*b**2 - 30*b. Suppose 4*s - 70 = 5*a, -3*s - 2*a + 155 - 114 = 0. Give x(s).
0
Let t(c) be the second derivative of c**5/20 - c**4/3 + 3*c**2/2 - 142*c. Suppose -x + 4 = 0, 2*h = -20*x + 24*x - 10. Determine t(h).
-6
Let n(t) = t**3 + 9*t**2 + 3*t + 44. Let h be n(-9). Suppose -16*k - 65 + h = 0. Let p(a) = -a**3 - 4*a**2 + a. Give p(k).
-12
Suppose 341 = 3*a - 5*i, -5*a - i + 447 = -a. Let h be 55/((-21)/6 + 2 + 1). Let j = h + a. Let g(n) = -5*n + 2. Give g(j).
-8
Let i(d) be the second derivative of -d**4/12 + d**3/2 + d**2/2 + d. Let x = 804 - 802. Let q(v) = 31*v - 59. 